remainder when 890816 is divided by 126?
122
What is the remainder when 2477 is divided by 34?
29
What is the remainder when 95435 is divided by 7?
4
What is the remainder when 7790 is divided by 3894?
2
What is the remainder when 1689 is divided by 30?
9
Calculate the remainder when 197385 is divided by 949.
942
What is the remainder when 717 is divided by 120?
117
Calculate the remainder when 46352 is divided by 26.
20
What is the remainder when 381564 is divided by 790?
784
What is the remainder when 3158 is divided by 159?
137
What is the remainder when 80244 is divided by 69?
66
What is the remainder when 186041 is divided by 37207?
6
Calculate the remainder when 1191082 is divided by 26.
22
Calculate the remainder when 23959 is divided by 3.
1
Calculate the remainder when 14717 is divided by 445.
32
What is the remainder when 275282 is divided by 39324?
14
Calculate the remainder when 8201 is divided by 580.
81
What is the remainder when 8730 is divided by 42?
36
What is the remainder when 55275 is divided by 3?
0
Calculate the remainder when 75426 is divided by 84.
78
What is the remainder when 4799 is divided by 72?
47
What is the remainder when 286747 is divided by 57347?
12
What is the remainder when 15233 is divided by 38?
33
What is the remainder when 8133 is divided by 3961?
211
Calculate the remainder when 3214 is divided by 42.
22
Calculate the remainder when 9627 is divided by 4798.
31
What is the remainder when 9816 is divided by 352?
312
Calculate the remainder when 1757 is divided by 151.
96
What is the remainder when 85723 is divided by 96?
91
Calculate the remainder when 3641 is divided by 280.
1
Calculate the remainder when 32900 is divided by 29.
14
What is the remainder when 114786 is divided by 10435?
1
What is the remainder when 38137 is divided by 2116?
49
What is the remainder when 1218 is divided by 1102?
116
What is the remainder when 17086 is divided by 76?
62
Calculate the remainder when 11378 is divided by 1870.
158
Calculate the remainder when 218497 is divided by 46.
43
Calculate the remainder when 20781 is divided by 3036.
2565
Calculate the remainder when 9281 is divided by 358.
331
What is the remainder when 354 is divided by 17?
14
What is the remainder when 396630 is divided by 113?
0
What is the remainder when 639 is divided by 606?
33
What is the remainder when 1308017 is divided by 70?
67
What is the remainder when 4656 is divided by 187?
168
Calculate the remainder when 2526585 is divided by 103.
98
Calculate the remainder when 8022 is divided by 503.
477
What is the remainder when 1196 is divided by 168?
20
Calculate the remainder when 604799 is divided by 384.
383
Calculate the remainder when 7973 is divided by 713.
130
What is the remainder when 2657 is divided by 771?
344
Calculate the remainder when 137209 is divided by 443.
322
What is the remainder when 186 is divided by 62?
0
Calculate the remainder when 7350 is divided by 855.
510
Calculate the remainder when 7500 is divided by 7.
3
Calculate the remainder when 2446 is divided by 144.
142
Calculate the remainder when 729973 is divided by 6759.
1
What is the remainder when 15747 is divided by 477?
6
What is the remainder when 25201 is divided by 6298?
9
Calculate the remainder when 1411 is divided by 49.
39
What is the remainder when 2656 is divided by 49?
10
What is the remainder when 869 is divided by 188?
117
Calculate the remainder when 1328 is divided by 4.
0
What is the remainder when 1013306 is divided by 729?
725
What is the remainder when 25918 is divided by 192?
190
What is the remainder when 111304 is divided by 132?
28
What is the remainder when 3005 is divided by 245?
65
Calculate the remainder when 15549 is divided by 83.
28
What is the remainder when 5540 is divided by 48?
20
Calculate the remainder when 56588 is divided by 105.
98
What is the remainder when 104459 is divided by 52213?
33
What is the remainder when 18423 is divided by 2485?
1028
What is the remainder when 2204 is divided by 90?
44
Calculate the remainder when 23382 is divided by 2320.
182
What is the remainder when 9913 is divided by 1231?
65
What is the remainder when 4634847 is divided by 75?
72
Calculate the remainder when 5156 is divided by 233.
30
Calculate the remainder when 2313 is divided by 76.
33
What is the remainder when 4343 is divided by 56?
31
What is the remainder when 577437 is divided by 90?
87
Calculate the remainder when 5893 is divided by 628.
241
Calculate the remainder when 40735 is divided by 3698.
57
What is the remainder when 1610 is divided by 375?
110
Calculate the remainder when 113827 is divided by 93.
88
Calculate the remainder when 22749 is divided by 464.
13
Calculate the remainder when 91255 is divided by 91184.
71
Calculate the remainder when 27013 is divided by 6711.
169
Calculate the remainder when 52271 is divided by 18.
17
What is the remainder when 38487 is divided by 4?
3
What is the remainder when 6789954 is divided by 43?
39
Calculate the remainder when 127332 is divided by 367.
350
What is the remainder when 2817 is divided by 279?
27
What is the remainder when 22994 is divided by 117?
62
What is the remainder when 826 is divided by 119?
112
Calculate the remainder when 6288 is divided by 682.
150
Calculate the remainder when 1098370 is divided by 471.
469
Calculate the remainder when 8421 is divided by 1394.
57
Calculate the remainder when 2045 is divided by 382.
135
What is the remainder when 48778 is divided by 10?
8
What is the remainder when 26204 is divided by 12859?
486
Calculate the remainder when 19059 is divided by 1058.
15
Calculate the remainder when 2108 is divided by 1750.
358
Calculate the remainder when 93677 is divided by 93676.
1
Calculate the remainder when 88869 is divided by 14.
11
Calculate the remainder when 59278 is divided by 2195.
13
Calculate the remainder when 595453 is divided by 128.
125
What is the remainder when 217 is divided by 128?
89
What is the remainder when 32959 is divided by 5493?
1
What is the remainder when 972 is divided by 466?
40
Calculate the remainder when 305784 is divided by 130.
24
Calculate the remainder when 31403 is divided by 571.
569
What is the remainder when 346632 is divided by 779?
756
What is the remainder when 116687 is divided by 232?
223
Calculate the remainder when 18574 is divided by 24.
22
What is the remainder when 22379 is divided by 747?
716
Calculate the remainder when 8971 is divided by 23.
1
What is the remainder when 770567 is divided by 112?
7
What is the remainder when 5240 is divided by 219?
203
Calculate the remainder when 37374 is divided by 512.
510
What is the remainder when 157586 is divided by 34?
30
What is the remainder when 54255 is divided by 20?
15
Calculate the remainder when 489 is divided by 220.
49
What is the remainder when 11116 is divided by 327?
325
Calculate the remainder when 1169 is divided by 135.
89
Calculate the remainder when 14809 is divided by 16.
9
Calculate the remainder when 204445 is divided by 12026.
3
Calculate the remainder when 391330 is divided by 112.
2
Calculate the remainder when 7540 is divided by 3625.
290
Calculate the remainder when 194994 is divided by 15.
9
What is the remainder when 56621 is divided by 190?
1
What is the remainder when 39381 is divided by 72?
69
What is the remainder when 28562 is divided by 183?
14
What is the remainder when 2561 is divided by 2491?
70
Calculate the remainder when 63716 is divided by 90.
86
What is the remainder when 98462 is divided by 49228?
6
What is the remainder when 165349 is divided by 39?
28
What is the remainder when 5914 is divided by 328?
10
What is the remainder when 7023 is divided by 7016?
7
What is the remainder when 2968 is divided by 959?
91
What is the remainder when 2568 is divided by 512?
8
Calculate the remainder when 15375 is divided by 15374.
1
What is the remainder when 40764 is divided by 416?
412
Calculate the remainder when 537444 is divided by 633.
27
Calculate the remainder when 10993 is divided by 3656.
25
Calculate the remainder when 60232 is divided by 251.
243
What is the remainder when 79998 is divided by 2051?
9
What is the remainder when 57219 is divided by 374?
371
Calculate the remainder when 23539 is divided by 966.
35